{"id":2571,"date":"2020-03-03T13:19:26","date_gmt":"2020-03-03T13:19:26","guid":{"rendered":"https:\/\/www.dakwerken-vandriessche.be\/?page_id=2571"},"modified":"2025-12-11T14:03:07","modified_gmt":"2025-12-11T14:03:07","slug":"a-propos-de-nous","status":"publish","type":"page","link":"https:\/\/www.dakwerken-vandriessche.be\/fr\/a-propos-de-nous\/","title":{"rendered":"\u00c0 propos de nous"},"content":{"rendered":"\n<div style=\"height:69px\" aria-hidden=\"true\" class=\"wp-block-spacer\"><\/div>\n\n<p>En 2016, p\u00e8re et fils Van Driessche ont d\u00e9cid\u00e9 d\u2019unir leur expertise de plus de 15 ans dans la couverture pour cr\u00e9er une nouvelle entreprise familiale\u00a0: <strong>Dakwerken Van Driessche<\/strong>. Nous sommes d\u00e9sormais une entreprise de 5 employ\u00e9s, mais nos chefs d\u2019entreprise sont toujours pr\u00e9sents quotidiennement sur le chantier. <\/p>\n\n<p>Nous sommes sp\u00e9cialis\u00e9s dans la <a href=\"https:\/\/www.dakwerken-vandriessche.be\/nl\/dakrenovatie\/\">r\u00e9novation de toitures<\/a> et la <a href=\"https:\/\/www.dakwerken-vandriessche.be\/nl\/gevelrenovatie\/\">r\u00e9novation de fa\u00e7ades<\/a> pour les particuliers et sommes principalement actifs dans <strong>la grande r\u00e9gion de Bruxelles \u2013 Halle \u2013 Vilvoorde et du Brabant wallon<\/strong>. Vous pouvez faire appel \u00e0 nous pour tous les travaux sur <a href=\"https:\/\/www.dakwerken-vandriessche.be\/fr\/toitures-en-pente\/\">les toits en pente<\/a> et <a href=\"https:\/\/www.dakwerken-vandriessche.be\/fr\/plateformes\/\">les toits plats<\/a>, la <a href=\"https:\/\/www.dakwerken-vandriessche.be\/nl\/dakkapel-plaatsen\/\">pose de lucarnes<\/a>, la <a href=\"https:\/\/www.dakwerken-vandriessche.be\/fr\/placement-velux\/\">pose de fen\u00eatres de toit Velux<\/a>, les <a href=\"https:\/\/www.dakwerken-vandriessche.be\/fr\/zinguerie\/\">travaux de zinguerie<\/a>, le <a href=\"https:\/\/www.dakwerken-vandriessche.be\/fr\/bardage-facade\/\">bardage<\/a>, l\u2019<a href=\"https:\/\/www.dakwerken-vandriessche.be\/nl\/zolder-isoleren\/\">isolation des combles<\/a> et le <a href=\"https:\/\/www.dakwerken-vandriessche.be\/fr\/demoussage-de-toitures\/\">d\u00e9moussage des toitures<\/a>. <\/p>\n\n<p>Mais nous r\u00e9alisons \u00e9galement d\u2019autres travaux tels que l\u2019<strong>entretien de votre toit et de votre isolation<\/strong>. Si vous \u00eates \u00e0 la recherche d\u2019une entreprise de couverture exp\u00e9riment\u00e9e et fiable, vous \u00eates au bon endroit chez <g id=\"gid_1\">Dakwerken Van Driessche<\/g>. N\u2019h\u00e9sitez pas \u00e0 consulter <a href=\"https:\/\/www.dakwerken-vandriessche.be\/nl\/realisaties\/\">nos r\u00e9alisations<\/a> et \u00e0 nous contacter pour toute information et une offre sur mesure sans engagement.  <\/p>\n","protected":false},"excerpt":{"rendered":"<p>En 2016, p\u00e8re et fils Van Driessche ont d\u00e9cid\u00e9 d\u2019unir leur expertise de plus de 15 ans dans la couverture pour cr\u00e9er une nouvelle entreprise familiale\u00a0: Dakwerken Van Driessche. Nous sommes d\u00e9sormais une entreprise de 5 employ\u00e9s, mais nos chefs d\u2019entreprise sont toujours pr\u00e9sents quotidiennement sur le chantier. Nous sommes sp\u00e9cialis\u00e9s dans la r\u00e9novation de [&hellip;]<\/p>\n","protected":false},"author":2,"featured_media":0,"parent":0,"menu_order":46,"comment_status":"closed","ping_status":"closed","template":"","meta":{"_acf_changed":false,"footnotes":""},"class_list":["post-2571","page","type-page","status-publish","hentry"],"acf":[],"yoast_head":"<!-- This site is optimized with the Yoast SEO plugin v27.0 - https:\/\/yoast.com\/product\/yoast-seo-wordpress\/ -->\n<title>\u00c0 propos de nous | Dakwerken Van Driessche - Votre toit comme il se doit<\/title>\n<meta name=\"description\" content=\"Vous recherchez un couvreur exp\u00e9riment\u00e9 dans la r\u00e9gion de Bruxelles \u2013 Halle \u2013 Vilvoorde ou du Brabant wallon\u00a0? Faites confiance \u00e0 l\u2019expertise de Dakwerken Van Driessche.\" \/>\n<meta name=\"robots\" content=\"index, follow, max-snippet:-1, max-image-preview:large, max-video-preview:-1\" \/>\n<link rel=\"canonical\" href=\"https:\/\/www.dakwerken-vandriessche.be\/fr\/a-propos-de-nous\/\" \/>\n<meta property=\"og:locale\" content=\"fr_FR\" \/>\n<meta property=\"og:type\" content=\"article\" \/>\n<meta property=\"og:title\" content=\"\u00c0 propos de nous | Dakwerken Van Driessche - Votre toit comme il se doit\" \/>\n<meta property=\"og:description\" content=\"Vous recherchez un couvreur exp\u00e9riment\u00e9 dans la r\u00e9gion de Bruxelles \u2013 Halle \u2013 Vilvoorde ou du Brabant wallon\u00a0? Faites confiance \u00e0 l\u2019expertise de Dakwerken Van Driessche.\" \/>\n<meta property=\"og:url\" content=\"https:\/\/www.dakwerken-vandriessche.be\/fr\/a-propos-de-nous\/\" \/>\n<meta property=\"og:site_name\" content=\"Dakwerken Van Driessche\" \/>\n<meta property=\"article:modified_time\" content=\"2025-12-11T14:03:07+00:00\" \/>\n<meta name=\"twitter:card\" content=\"summary_large_image\" \/>\n<meta name=\"twitter:label1\" content=\"Dur\u00e9e de lecture est.\" \/>\n\t<meta name=\"twitter:data1\" content=\"1 minute\" \/>\n<script type=\"application\/ld+json\" class=\"yoast-schema-graph\">{\"@context\":\"https:\/\/schema.org\",\"@graph\":[{\"@type\":\"WebPage\",\"@id\":\"https:\/\/www.dakwerken-vandriessche.be\/fr\/a-propos-de-nous\/\",\"url\":\"https:\/\/www.dakwerken-vandriessche.be\/fr\/a-propos-de-nous\/\",\"name\":\"\u00c0 propos de nous | Dakwerken Van Driessche - Votre toit comme il se doit\",\"isPartOf\":{\"@id\":\"https:\/\/www.dakwerken-vandriessche.be\/fr\/#website\"},\"datePublished\":\"2020-03-03T13:19:26+00:00\",\"dateModified\":\"2025-12-11T14:03:07+00:00\",\"description\":\"Vous recherchez un couvreur exp\u00e9riment\u00e9 dans la r\u00e9gion de Bruxelles \u2013 Halle \u2013 Vilvoorde ou du Brabant wallon\u00a0? Faites confiance \u00e0 l\u2019expertise de Dakwerken Van Driessche.\",\"breadcrumb\":{\"@id\":\"https:\/\/www.dakwerken-vandriessche.be\/fr\/a-propos-de-nous\/#breadcrumb\"},\"inLanguage\":\"fr-BE\",\"potentialAction\":[{\"@type\":\"ReadAction\",\"target\":[\"https:\/\/www.dakwerken-vandriessche.be\/fr\/a-propos-de-nous\/\"]}]},{\"@type\":\"BreadcrumbList\",\"@id\":\"https:\/\/www.dakwerken-vandriessche.be\/fr\/a-propos-de-nous\/#breadcrumb\",\"itemListElement\":[{\"@type\":\"ListItem\",\"position\":1,\"name\":\"Home\",\"item\":\"https:\/\/www.dakwerken-vandriessche.be\/fr\/\"},{\"@type\":\"ListItem\",\"position\":2,\"name\":\"\u00c0 propos de nous\"}]},{\"@type\":\"WebSite\",\"@id\":\"https:\/\/www.dakwerken-vandriessche.be\/fr\/#website\",\"url\":\"https:\/\/www.dakwerken-vandriessche.be\/fr\/\",\"name\":\"Dakwerken Van Driessche\",\"description\":\"\",\"potentialAction\":[{\"@type\":\"SearchAction\",\"target\":{\"@type\":\"EntryPoint\",\"urlTemplate\":\"https:\/\/www.dakwerken-vandriessche.be\/fr\/?s={search_term_string}\"},\"query-input\":{\"@type\":\"PropertyValueSpecification\",\"valueRequired\":true,\"valueName\":\"search_term_string\"}}],\"inLanguage\":\"fr-BE\"}]}<\/script>\n<!-- \/ Yoast SEO plugin. -->","yoast_head_json":{"title":"\u00c0 propos de nous | Dakwerken Van Driessche - Votre toit comme il se doit","description":"Vous recherchez un couvreur exp\u00e9riment\u00e9 dans la r\u00e9gion de Bruxelles \u2013 Halle \u2013 Vilvoorde ou du Brabant wallon\u00a0? Faites confiance \u00e0 l\u2019expertise de Dakwerken Van Driessche.","robots":{"index":"index","follow":"follow","max-snippet":"max-snippet:-1","max-image-preview":"max-image-preview:large","max-video-preview":"max-video-preview:-1"},"canonical":"https:\/\/www.dakwerken-vandriessche.be\/fr\/a-propos-de-nous\/","og_locale":"fr_FR","og_type":"article","og_title":"\u00c0 propos de nous | Dakwerken Van Driessche - Votre toit comme il se doit","og_description":"Vous recherchez un couvreur exp\u00e9riment\u00e9 dans la r\u00e9gion de Bruxelles \u2013 Halle \u2013 Vilvoorde ou du Brabant wallon\u00a0? Faites confiance \u00e0 l\u2019expertise de Dakwerken Van Driessche.","og_url":"https:\/\/www.dakwerken-vandriessche.be\/fr\/a-propos-de-nous\/","og_site_name":"Dakwerken Van Driessche","article_modified_time":"2025-12-11T14:03:07+00:00","twitter_card":"summary_large_image","twitter_misc":{"Dur\u00e9e de lecture est.":"1 minute"},"schema":{"@context":"https:\/\/schema.org","@graph":[{"@type":"WebPage","@id":"https:\/\/www.dakwerken-vandriessche.be\/fr\/a-propos-de-nous\/","url":"https:\/\/www.dakwerken-vandriessche.be\/fr\/a-propos-de-nous\/","name":"\u00c0 propos de nous | Dakwerken Van Driessche - Votre toit comme il se doit","isPartOf":{"@id":"https:\/\/www.dakwerken-vandriessche.be\/fr\/#website"},"datePublished":"2020-03-03T13:19:26+00:00","dateModified":"2025-12-11T14:03:07+00:00","description":"Vous recherchez un couvreur exp\u00e9riment\u00e9 dans la r\u00e9gion de Bruxelles \u2013 Halle \u2013 Vilvoorde ou du Brabant wallon\u00a0? Faites confiance \u00e0 l\u2019expertise de Dakwerken Van Driessche.","breadcrumb":{"@id":"https:\/\/www.dakwerken-vandriessche.be\/fr\/a-propos-de-nous\/#breadcrumb"},"inLanguage":"fr-BE","potentialAction":[{"@type":"ReadAction","target":["https:\/\/www.dakwerken-vandriessche.be\/fr\/a-propos-de-nous\/"]}]},{"@type":"BreadcrumbList","@id":"https:\/\/www.dakwerken-vandriessche.be\/fr\/a-propos-de-nous\/#breadcrumb","itemListElement":[{"@type":"ListItem","position":1,"name":"Home","item":"https:\/\/www.dakwerken-vandriessche.be\/fr\/"},{"@type":"ListItem","position":2,"name":"\u00c0 propos de nous"}]},{"@type":"WebSite","@id":"https:\/\/www.dakwerken-vandriessche.be\/fr\/#website","url":"https:\/\/www.dakwerken-vandriessche.be\/fr\/","name":"Dakwerken Van Driessche","description":"","potentialAction":[{"@type":"SearchAction","target":{"@type":"EntryPoint","urlTemplate":"https:\/\/www.dakwerken-vandriessche.be\/fr\/?s={search_term_string}"},"query-input":{"@type":"PropertyValueSpecification","valueRequired":true,"valueName":"search_term_string"}}],"inLanguage":"fr-BE"}]}},"_links":{"self":[{"href":"https:\/\/www.dakwerken-vandriessche.be\/fr\/wp-json\/wp\/v2\/pages\/2571","targetHints":{"allow":["GET"]}}],"collection":[{"href":"https:\/\/www.dakwerken-vandriessche.be\/fr\/wp-json\/wp\/v2\/pages"}],"about":[{"href":"https:\/\/www.dakwerken-vandriessche.be\/fr\/wp-json\/wp\/v2\/types\/page"}],"author":[{"embeddable":true,"href":"https:\/\/www.dakwerken-vandriessche.be\/fr\/wp-json\/wp\/v2\/users\/2"}],"replies":[{"embeddable":true,"href":"https:\/\/www.dakwerken-vandriessche.be\/fr\/wp-json\/wp\/v2\/comments?post=2571"}],"version-history":[{"count":2,"href":"https:\/\/www.dakwerken-vandriessche.be\/fr\/wp-json\/wp\/v2\/pages\/2571\/revisions"}],"predecessor-version":[{"id":4801,"href":"https:\/\/www.dakwerken-vandriessche.be\/fr\/wp-json\/wp\/v2\/pages\/2571\/revisions\/4801"}],"wp:attachment":[{"href":"https:\/\/www.dakwerken-vandriessche.be\/fr\/wp-json\/wp\/v2\/media?parent=2571"}],"curies":[{"name":"wp","href":"https:\/\/api.w.org\/{rel}","templated":true}]}}

À propos de nous

<div style="height:69px" aria-hidden="true" class="wp-block-spacer"></div>

<p>En 2016, père et fils Van Driessche ont décidé d’unir leur expertise de plus de 15 ans dans la couverture pour créer une nouvelle entreprise familiale : <strong>Dakwerken Van Driessche</strong>. Nous sommes désormais une entreprise de 5 employés, mais nos chefs d’entreprise sont toujours présents quotidiennement sur le chantier. </p>

<p>Nous sommes spécialisés dans la <a href="https://www.dakwerken-vandriessche.be/nl/dakrenovatie/">rénovation de toitures</a> et la <a href="https://www.dakwerken-vandriessche.be/nl/gevelrenovatie/">rénovation de façades</a> pour les particuliers et sommes principalement actifs dans <strong>la grande région de Bruxelles – Halle – Vilvoorde et du Brabant wallon</strong>. Vous pouvez faire appel à nous pour tous les travaux sur <a href="https://www.dakwerken-vandriessche.be/fr/toitures-en-pente/">les toits en pente</a> et <a href="https://www.dakwerken-vandriessche.be/fr/plateformes/">les toits plats</a>, la <a href="https://www.dakwerken-vandriessche.be/nl/dakkapel-plaatsen/">pose de lucarnes</a>, la <a href="https://www.dakwerken-vandriessche.be/fr/placement-velux/">pose de fenêtres de toit Velux</a>, les <a href="https://www.dakwerken-vandriessche.be/fr/zinguerie/">travaux de zinguerie</a>, le <a href="https://www.dakwerken-vandriessche.be/fr/bardage-facade/">bardage</a>, l’<a href="https://www.dakwerken-vandriessche.be/nl/zolder-isoleren/">isolation des combles</a> et le <a href="https://www.dakwerken-vandriessche.be/fr/demoussage-de-toitures/">démoussage des toitures</a>. </p>

<p>Mais nous réalisons également d’autres travaux tels que l’<strong>entretien de votre toit et de votre isolation</strong>. Si vous êtes à la recherche d’une entreprise de couverture expérimentée et fiable, vous êtes au bon endroit chez <g id="gid_1">Dakwerken Van Driessche</g>. N’hésitez pas à consulter <a href="https://www.dakwerken-vandriessche.be/nl/realisaties/">nos réalisations</a> et à nous contacter pour toute information et une offre sur mesure sans engagement.  </p>

<p>En 2016, père et fils Van Driessche ont décidé d’unir leur expertise de plus de 15 ans dans la couverture pour créer une nouvelle entreprise familiale : Dakwerken Van Driessche. Nous sommes désormais une entreprise de 5 employés, mais nos chefs d’entreprise sont toujours présents quotidiennement sur le chantier. Nous sommes spécialisés dans la rénovation de [&hellip;]</p>

<!-- This site is optimized with the Yoast SEO plugin v27.0 - https://yoast.com/product/yoast-seo-wordpress/ -->
<title>À propos de nous | Dakwerken Van Driessche - Votre toit comme il se doit</title>
<meta name="description" content="Vous recherchez un couvreur expérimenté dans la région de Bruxelles – Halle – Vilvoorde ou du Brabant wallon ? Faites confiance à l’expertise de Dakwerken Van Driessche." />
<meta name="robots" content="index, follow, max-snippet:-1, max-image-preview:large, max-video-preview:-1" />
<link rel="canonical" href="https://www.dakwerken-vandriessche.be/fr/a-propos-de-nous/" />
<meta property="og:locale" content="fr_FR" />
<meta property="og:type" content="article" />
<meta property="og:title" content="À propos de nous | Dakwerken Van Driessche - Votre toit comme il se doit" />
<meta property="og:description" content="Vous recherchez un couvreur expérimenté dans la région de Bruxelles – Halle – Vilvoorde ou du Brabant wallon ? Faites confiance à l’expertise de Dakwerken Van Driessche." />
<meta property="og:url" content="https://www.dakwerken-vandriessche.be/fr/a-propos-de-nous/" />
<meta property="og:site_name" content="Dakwerken Van Driessche" />
<meta property="article:modified_time" content="2025-12-11T14:03:07+00:00" />
<meta name="twitter:card" content="summary_large_image" />
<meta name="twitter:label1" content="Durée de lecture est." />
	<meta name="twitter:data1" content="1 minute" />
<script type="application/ld+json" class="yoast-schema-graph">{"@context":"https://schema.org","@graph":[{"@type":"WebPage","@id":"https://www.dakwerken-vandriessche.be/fr/a-propos-de-nous/","url":"https://www.dakwerken-vandriessche.be/fr/a-propos-de-nous/","name":"À propos de nous | Dakwerken Van Driessche - Votre toit comme il se doit","isPartOf":{"@id":"https://www.dakwerken-vandriessche.be/fr/#website"},"datePublished":"2020-03-03T13:19:26+00:00","dateModified":"2025-12-11T14:03:07+00:00","description":"Vous recherchez un couvreur expérimenté dans la région de Bruxelles – Halle – Vilvoorde ou du Brabant wallon ? Faites confiance à l’expertise de Dakwerken Van Driessche.","breadcrumb":{"@id":"https://www.dakwerken-vandriessche.be/fr/a-propos-de-nous/#breadcrumb"},"inLanguage":"fr-BE","potentialAction":[{"@type":"ReadAction","target":["https://www.dakwerken-vandriessche.be/fr/a-propos-de-nous/"]}]},{"@type":"BreadcrumbList","@id":"https://www.dakwerken-vandriessche.be/fr/a-propos-de-nous/#breadcrumb","itemListElement":[{"@type":"ListItem","position":1,"name":"Home","item":"https://www.dakwerken-vandriessche.be/fr/"},{"@type":"ListItem","position":2,"name":"À propos de nous"}]},{"@type":"WebSite","@id":"https://www.dakwerken-vandriessche.be/fr/#website","url":"https://www.dakwerken-vandriessche.be/fr/","name":"Dakwerken Van Driessche","description":"","potentialAction":[{"@type":"SearchAction","target":{"@type":"EntryPoint","urlTemplate":"https://www.dakwerken-vandriessche.be/fr/?s={search_term_string}"},"query-input":{"@type":"PropertyValueSpecification","valueRequired":true,"valueName":"search_term_string"}}],"inLanguage":"fr-BE"}]}</script>
<!-- / Yoast SEO plugin. -->

À propos de nous | Dakwerken Van Driessche - Votre toit comme il se doit

Vous recherchez un couvreur expérimenté dans la région de Bruxelles – Halle – Vilvoorde ou du Brabant wallon ? Faites confiance à l’expertise de Dakwerken Van Driessche.
